Suppose -a - 2*a = 30. What are the prime factors of v(a)?
2, 5
Let o be (-8 - -50)*(-2)/(-2). Suppose 0 = 5*n + o - 117. List the prime factors of n.
3, 5
Suppose -3*s = -2*d - 2*s + 7, -5*d + 35 = s. Let r be (d/9)/(2/9). List the prime factors of (11/r)/((-3)/(-9)).
11
Let l(f) = 3*f**2 + 7*f - 25. What are the prime factors of l(-10)?
5, 41
Suppose -l = 3*l - 8. List the prime factors of 4/8 - (-3)/l.
2
Suppose -3*t + 14 = b - t, -3*t + 13 = b. Let g = b - 11. List the prime factors of (g - 4) + 1*9.
2, 5
Let s(r) = -5*r + 26. What are the prime factors of s(-6)?
2, 7
Suppose 5*x = 2*x - 3. Let k be (-1 + 0/x)*-9. Suppose 2*j = 1 + k. What are the prime factors of j?
5
Suppose 126 = -2*s - 34. Let m be (4/10)/(4/s). Let t(a) = -a**3 - 9*a**2 - 8*a + 11. What are the prime factors of t(m)?
11
Let r(i) = 9*i + 1. Let u(l) = -5*l. Let c(f) = 4*r(f) + 7*u(f). What are the prime factors of c(0)?
2
Let p(s) = 42*s - 3. List the prime factors of p(2).
3
Let i = 128 + -89. What are the prime factors of i?
3, 13
List the prime factors of ((-44)/(-2))/(2/4).
2, 11
Let f(u) = -u**2 + 7*u - 5. Let n be f(7). Let p = 7 + n. Let c(q) = 8*q. List the prime factors of c(p).
2
Let r(j) = j**3 - j - 2. What are the prime factors of r(4)?
2, 29
Let s = -122 + 249. What are the prime factors of s?
127
Let s(w) = -2*w + 23. List the prime factors of s(-13).
7
Let r = -24 - -29. What are the prime factors of r?
5
Let v(u) = 9*u - 1. Let i(j) = -j + 1. Let q(p) = 4*i(p) + v(p). Let c be q(-10). Let l = -32 - c. What are the prime factors of l?
3, 5
Suppose -d = 3*u - 316, 2*u + d - 184 = 26. What are the prime factors of u?
2, 53
Suppose 66*f = 73*f - 1743. What are the prime factors of f?
3, 83
Let t = -6 + 18. Let d(j) = -j - 7. Let z be d(-4). Let r = z + t. List the prime factors of r.
3
Let v(z) = -z + 8. Let y be v(-8). Suppose -10*u = -9*u - y. List the prime factors of u.
2
Let g(x) = -x**2 + 8*x - 5. Let i be g(6). Let q(a) = -7*a**2 + 0*a**3 + 9*a + 5 - a**3 + i. List the prime factors of q(-8).
2
Let z = -1 + 5. Suppose -4 = 4*k - 5*i, k - 3*i + z = -k. Suppose 12 + 8 = k*m. What are the prime factors of m?
5
Let w(z) = z + 19. What are the prime factors of w(14)?
3, 11
Suppose 7*t = -y + 3*t + 3, -2 = t. Let i = y - -22. List the prime factors of i.
3, 11
Let s(r) = -r**3 + 5*r**2 + 7*r - 2. Let t be (-4)/1 + 2 + 8. List the prime factors of s(t).
2
Let f = -8 - -33. List the prime factors of f.
5
Suppose 2*p = -t + 18, 4*t - 3*p - 96 = p. Let n be (-6)/(-15) - (-128)/5. Suppose 4*w = 5*z - 73, -4*z - 2*w + n + t = 0. What are the prime factors of z?
13
Suppose -5*p + 0*p = 4*i - 193, 0 = -4*p + 3*i + 173. What are the prime factors of p?
41
Suppose -l - q + 391 = 111, 4*l + q - 1129 = 0. List the prime factors of l.
283
Let l be (8/3)/(6/396). Suppose 4*a - l = -2*z, a + 3*z = 5*a - 196. List the prime factors of a.
2, 23
Suppose 4*m + 3*q = -21, m + 2 = -2*m - 5*q. Let s = -6 - m. List the prime factors of s.
3
Let i(v) = -9*v**3 + v + 3. List the prime factors of i(-2).
73
Let j(m) be the second derivative of m**4/12 + 2*m**2 + 2*m. Suppose -3*x = -0*x. What are the prime factors of j(x)?
2
Let c(i) = 41*i**3 - i**2 + i. What are the prime factors of c(1)?
41
Let z(m) be the first derivative of 2*m**2 + 2. Let n be z(3). Suppose 2*b + 8 + 8 = 4*k, -3*k = -4*b - n. What are the prime factors of k?
2
Suppose -c = -40 + 1. What are the prime factors of c?
3, 13
Let u(p) = 11*p. Let h be u(5). Suppose -2*f = -h + 9. What are the prime factors of f?
23
Suppose -260 - 952 = -6*z. List the prime factors of z.
2, 101
Let v be ((-3)/6)/((-2)/4). Let q be 2/(v/(-2) + 0). Let d = -2 - q. What are the prime factors of d?
2
Let j = -6 - -10. Let p(a) = 7*a**2 - a + 2*a**2 + 0*a - 2 + a**3 - j*a**2. What are the prime factors of p(-5)?
3
Suppose -3*q + 4*t - 105 = 2*q, 2*q + 5*t = -75. What are the prime factors of (-202)/(-10) - (-5)/q?
2, 5
Let o = -7 + 11. Suppose o*r - 78 = -2*k, 27 = 2*r + 2*k - 15. List the prime factors of r.
2, 3
Suppose -270 = i - 6*i. List the prime factors of i.
2, 3
Suppose 16 = 4*q - 4*t, -2 = 2*q - 0*t + 3*t. Suppose -16 = 4*h + 4*x, -5*h + 4*x = -16 - 9. Suppose -q*w + 5 = -h. List the prime factors of w.
3
Let q(n) = -n**3 - 6*n**2 + 8*n + 2. Let i be q(-7). Let b(g) = -g + 1. What are the prime factors of b(i)?
2, 3
Let w be 1*-3*(-1 + -11). Suppose 0 = 5*h - 2*h - w. List the prime factors of h.
2, 3
Let p(a) = 2*a**2 - 13*a + 7. List the prime factors of p(9).
2, 13
Let y be -4 + 2 + 0 + -3. What are the prime factors of 90/12*(-4)/y?
2, 3
Let c(q) = 5*q - 1. Suppose 4*a - 18 = 3*j, j - 12 = -4*a + 14. Let i = a - 5. What are the prime factors of c(i)?
2
Suppose 5*a - 35 = 3*f, -2*a + 20 = 5*f + 6. Let h = 4 + a. What are the prime factors of h?
11
Suppose 9*c = 4*c - 5*u - 60, 2*c + 15 = u. Let z(i) = -i + 1. Let v be z(c). What are the prime factors of (2/3)/(v/285)?
19
Let n(m) = -m**3 - 7*m**2 + 6*m - 9. Let f be (2 - 1)/(3 - 4). Let i(d) = 7*d - 1. Let q be i(f). What are the prime factors of n(q)?
7
Suppose 2*i + 2*i = -r + 103, -3*i + 87 = 4*r. What are the prime factors of i?
5
Let u be (-1)/(-4) - 359/(-4). Suppose -3*v + v = -u. Suppose -4*g + v = 9. What are the prime factors of g?
3
Let j be -2 + 0 + 1 + -2. Let s be (0/(-3))/(3/j). Suppose -2*o = -s*o - 6. What are the prime factors of o?
3
Suppose -32 - 268 = -3*i. List the prime factors of i.
2, 5
Suppose -180 = 4*q + 5*z, 108 = -2*q + 3*z - z. Let r = q - -86. Suppose -4*m + 47 = -0*v - 3*v, -2*m + r = -4*v. List the prime factors of m.
2
Suppose -2*z = 3*n + 2*n - 10, -2*n - 17 = 5*z. Suppose 4*m = -2*q + n*q - 68, 4*q + 5*m = 162. What are the prime factors of q?
2, 19
List the prime factors of -1 + 3 - 23*-1.
5
Let q = -55 - -95. List the prime factors of q + (-1)/(-1 - -2).
3, 13
Suppose 0*a - 4*a = -408. What are the prime factors of a?
2, 3, 17
Let t(c) = -5*c - 1. Let z be t(-5). Suppose 3*f - z = -0*f. Suppose 2*a - 2*d - 34 = -0*a, 4*d = -a - f. What are the prime factors of a?
2, 3
What are the prime factors of (-1 + 2)/(5/(-3 - -158))?
31
Let v(h) = 6 + 5*h**2 - 3 - 2*h**3 + 3*h**3. Let r(u) = u**3 - 10*u**2 - 5. Let d be r(10). What are the prime factors of v(d)?
3
Suppose 3*g - 36 = 3*k, -g - k = 2*k - 24. List the prime factors of g.
3, 5
Suppose -3*v = -2*p + 34, -2*p = -v - 7*p - 34. What are the prime factors of ((-18)/(-21))/((-3)/v)?
2
Let p be (-3246)/42 - 4/(-14). Let w = p - -51. Let v = 42 + w. What are the prime factors of v?
2
Let u(i) = 2*i**2 - 3*i - 6. Let h = 14 - 9. List the prime factors of u(h).
29
Let g(u) = -u**3 - 5*u**2 - 19. What are the prime factors of g(-6)?
17
Suppose -q - 3*x = 2*q - 54, -5*x = -4*q + 108. List the prime factors of 4/q - (-304)/22.
2, 7
Let g(l) be the second derivative of -l**5/20 - 3*l**4/4 - 4*l**3/3 + 3*l**2 - 6*l. List the prime factors of g(-8).
2, 3
Let b(z) = -18*z**3 + 2*z**2 + 2*z + 1. Suppose -6 + 1 = 5*w. What are the prime factors of b(w)?
19
Let d = 2 + 1. Let t be 3 + (-2 - (4 - 30)). List the prime factors of t/2*2/d.
3
Let c(q) = -11*q + 1. Let p(t) = -21*t + 1. Let r(n) = 11*c(n) - 6*p(n). Let o be r(-5). Let m = o - -29. List the prime factors of m.
3
Suppose -7*z + 58 + 5 = 0. What are the prime factors of z?
3
Suppose 0*d + 86 = 2*d. What are the prime factors of d?
43
Suppose -2*v + 2 = -3*v. List the prime factors of v + (-3 - 10*-2).
3, 5
Let f = -4 - -4. Let x be (f - 2/4)*-46. Suppose 0 = 5*c - x - 7. What are the prime factors of c?
2, 3
Let s(k) = k**2 + k + 5. Let v be s(-6). Suppose 0 = 4*f - v - 9. What are the prime factors of f?
11
Suppose 5*o - 3*o - 2 = 0, 4*z - 4*o = 36. Let u be -1 + (-13 - -2)*z. List the prime factors of u/(-9) - (-6)/9.
13
Suppose 0 = 3*s - 2*y - 2*y - 9, 0 = -5*s + 5*y + 20. What are the prime factors of s?
7
Suppose 4 = -2*v + 4*v. Let c(t) = 2*t**2 + t - 1. List the prime factors of c(v).
3
Let o be (-2)/(-4) - (-30)/(-12). What are the prime factors of 5 + 3/6*o?
2
Let p(y) = -2*y + 19*y**2 + 2 + 0 + y. Let x be p(2). List the prime factors of x/8 + (-1)/(-2).
2, 5
Let g be 2/(-6) - 553/(-21). Let l = -16 + g. What are the prime factors of l?
2, 5
Suppose -2*k - 2 = 0, g = -k - 0*k. List the prime factors of (28/8 + g)*6.
3
Suppose -1752